{"id":188,"date":"2024-06-11T13:29:00","date_gmt":"2024-06-11T11:29:00","guid":{"rendered":"https:\/\/www.innerstadenspsykoterapi.se\/?page_id=188"},"modified":"2024-09-02T19:27:15","modified_gmt":"2024-09-02T17:27:15","slug":"om-oss","status":"publish","type":"page","link":"http:\/\/www.innerstadenspsykoterapi.se\/index.php\/om-oss\/","title":{"rendered":"Hitta hit"},"content":{"rendered":"\n<figure class=\"wp-block-image alignwide size-full is-style-rounded\"><img loading=\"lazy\" decoding=\"async\" width=\"1835\" height=\"1032\" src=\"http:\/\/www.innerstadenspsykoterapi.se\/wp-content\/uploads\/2024\/09\/vy-edited.jpg\" alt=\"\" class=\"wp-image-444\" srcset=\"http:\/\/www.innerstadenspsykoterapi.se\/wp-content\/uploads\/2024\/09\/vy-edited.jpg 1835w, http:\/\/www.innerstadenspsykoterapi.se\/wp-content\/uploads\/2024\/09\/vy-edited-300x169.jpg 300w, http:\/\/www.innerstadenspsykoterapi.se\/wp-content\/uploads\/2024\/09\/vy-edited-1024x576.jpg 1024w, http:\/\/www.innerstadenspsykoterapi.se\/wp-content\/uploads\/2024\/09\/vy-edited-768x432.jpg 768w, http:\/\/www.innerstadenspsykoterapi.se\/wp-content\/uploads\/2024\/09\/vy-edited-1536x864.jpg 1536w\" sizes=\"(max-width: 1835px) 100vw, 1835px\" \/><\/figure>\n\n\n\n<div class=\"wp-block-group alignfull has-global-padding is-layout-constrained wp-block-group-is-layout-constrained\" style=\"padding-top:var(--wp--preset--spacing--50);padding-right:var(--wp--preset--spacing--50);padding-bottom:var(--wp--preset--spacing--50);padding-left:var(--wp--preset--spacing--50)\">\n<h1 class=\"wp-block-heading has-text-align-center has-x-large-font-size\">Hitta hit<\/h1>\n\n\n\n<div class=\"wp-block-group has-global-padding is-layout-constrained wp-container-core-group-is-layout-1 wp-block-group-is-layout-constrained\">\n<div style=\"height:1.25rem\" aria-hidden=\"true\" class=\"wp-block-spacer\"><\/div>\n\n\n\n<p>V\u00e5r mottagning ligger i centrala Malm\u00f6, n\u00e4ra buss och t\u00e5g. <\/p>\n\n\n\n<div style=\"height:1.25rem\" aria-hidden=\"true\" class=\"wp-block-spacer\"><\/div>\n\n\n\n<p>Vi finns p\u00e5 R\u00f6rsj\u00f6gatan 26A, 2:a v\u00e5ningen i Malm\u00f6. Hiss finns. <br>Parkering hittar du vanligtvis l\u00e4ngs kanalen en kort promenad fr\u00e5n mottagningen.<\/p>\n<\/div>\n\n\n\n<div class=\"wp-block-group has-global-padding is-layout-constrained wp-container-core-group-is-layout-2 wp-block-group-is-layout-constrained\">\n<div style=\"height:1.25rem\" aria-hidden=\"true\" class=\"wp-block-spacer\"><\/div>\n\n\n\n<div style=\"height:1.25rem\" aria-hidden=\"true\" class=\"wp-block-spacer\"><\/div>\n\n\n\n<iframe src=\"https:\/\/www.google.com\/maps\/embed?pb=!1m18!1m12!1m3!1d4507.767365680746!2d13.006061812633632!3d55.6040380033269!2m3!1f0!2f0!3f0!3m2!1i1024!2i768!4f13.1!3m3!1m2!1s0x4653a3e2e7c4dd0b%3A0x60e8497ae124e124!2zUsO2cnNqw7ZnYXRhbiAyNkEsIDIxMSAzNyBNYWxtw7Y!5e0!3m2!1sen!2sse!4v1724485876208!5m2!1sen!2sse\" width=\"100%\" height=\"450\" style=\"border:0;\" allowfullscreen=\"\" loading=\"lazy\" referrerpolicy=\"no-referrer-when-downgrade\" display=\"block\" text-align=\"center\"><\/iframe>\n\n\n\n<p><\/p>\n<\/div>\n<\/div>\n","protected":false},"excerpt":{"rendered":"<p>Hitta hit V\u00e5r mottagning ligger i centrala Malm\u00f6, n\u00e4ra buss och t\u00e5g. Vi finns p\u00e5 R\u00f6rsj\u00f6gatan 26A, 2:a v\u00e5ningen i Malm\u00f6. Hiss finns. Parkering hittar du vanligtvis l\u00e4ngs kanalen en kort promenad fr\u00e5n mottagningen.<\/p>\n","protected":false},"author":1,"featured_media":0,"parent":0,"menu_order":0,"comment_status":"closed","ping_status":"closed","template":"","meta":{"_monsterinsights_skip_tracking":false,"_monsterinsights_sitenote_active":false,"_monsterinsights_sitenote_note":"","_monsterinsights_sitenote_category":0,"footnotes":""},"yoast_head":"<!-- This site is optimized with the Yoast SEO plugin v22.8 - https:\/\/yoast.com\/wordpress\/plugins\/seo\/ -->\n<title>Hitta hit - Innerstadens Psykoterapi<\/title>\n<meta name=\"robots\" content=\"index, follow, max-snippet:-1, max-image-preview:large, max-video-preview:-1\" \/>\n<link rel=\"canonical\" href=\"http:\/\/www.innerstadenspsykoterapi.se\/index.php\/om-oss\/\" \/>\n<meta property=\"og:locale\" content=\"sv_SE\" \/>\n<meta property=\"og:type\" content=\"article\" \/>\n<meta property=\"og:title\" content=\"Hitta hit - Innerstadens Psykoterapi\" \/>\n<meta property=\"og:description\" content=\"Hitta hit V\u00e5r mottagning ligger i centrala Malm\u00f6, n\u00e4ra buss och t\u00e5g. Vi finns p\u00e5 R\u00f6rsj\u00f6gatan 26A, 2:a v\u00e5ningen i Malm\u00f6. Hiss finns. Parkering hittar du vanligtvis l\u00e4ngs kanalen en kort promenad fr\u00e5n mottagningen.\" \/>\n<meta property=\"og:url\" content=\"http:\/\/www.innerstadenspsykoterapi.se\/index.php\/om-oss\/\" \/>\n<meta property=\"og:site_name\" content=\"Innerstadens Psykoterapi\" \/>\n<meta property=\"article:modified_time\" content=\"2024-09-02T17:27:15+00:00\" \/>\n<meta property=\"og:image\" content=\"http:\/\/www.innerstadenspsykoterapi.se\/wp-content\/uploads\/2024\/09\/vy-edited.jpg\" \/>\n<meta name=\"twitter:card\" content=\"summary_large_image\" \/>\n<meta name=\"twitter:label1\" content=\"Ber\u00e4knad l\u00e4stid\" \/>\n\t<meta name=\"twitter:data1\" content=\"1 minut\" \/>\n<script type=\"application\/ld+json\" class=\"yoast-schema-graph\">{\"@context\":\"https:\/\/schema.org\",\"@graph\":[{\"@type\":\"WebPage\",\"@id\":\"http:\/\/www.innerstadenspsykoterapi.se\/index.php\/om-oss\/\",\"url\":\"http:\/\/www.innerstadenspsykoterapi.se\/index.php\/om-oss\/\",\"name\":\"Hitta hit - Innerstadens Psykoterapi\",\"isPartOf\":{\"@id\":\"https:\/\/www.innerstadenspsykoterapi.se\/#website\"},\"primaryImageOfPage\":{\"@id\":\"http:\/\/www.innerstadenspsykoterapi.se\/index.php\/om-oss\/#primaryimage\"},\"image\":{\"@id\":\"http:\/\/www.innerstadenspsykoterapi.se\/index.php\/om-oss\/#primaryimage\"},\"thumbnailUrl\":\"http:\/\/www.innerstadenspsykoterapi.se\/wp-content\/uploads\/2024\/09\/vy-edited.jpg\",\"datePublished\":\"2024-06-11T11:29:00+00:00\",\"dateModified\":\"2024-09-02T17:27:15+00:00\",\"breadcrumb\":{\"@id\":\"http:\/\/www.innerstadenspsykoterapi.se\/index.php\/om-oss\/#breadcrumb\"},\"inLanguage\":\"sv-SE\",\"potentialAction\":[{\"@type\":\"ReadAction\",\"target\":[\"http:\/\/www.innerstadenspsykoterapi.se\/index.php\/om-oss\/\"]}]},{\"@type\":\"ImageObject\",\"inLanguage\":\"sv-SE\",\"@id\":\"http:\/\/www.innerstadenspsykoterapi.se\/index.php\/om-oss\/#primaryimage\",\"url\":\"http:\/\/www.innerstadenspsykoterapi.se\/wp-content\/uploads\/2024\/09\/vy-edited.jpg\",\"contentUrl\":\"http:\/\/www.innerstadenspsykoterapi.se\/wp-content\/uploads\/2024\/09\/vy-edited.jpg\",\"width\":1835,\"height\":1032},{\"@type\":\"BreadcrumbList\",\"@id\":\"http:\/\/www.innerstadenspsykoterapi.se\/index.php\/om-oss\/#breadcrumb\",\"itemListElement\":[{\"@type\":\"ListItem\",\"position\":1,\"name\":\"Home\",\"item\":\"https:\/\/www.innerstadenspsykoterapi.se\/\"},{\"@type\":\"ListItem\",\"position\":2,\"name\":\"Hitta hit\"}]},{\"@type\":\"WebSite\",\"@id\":\"https:\/\/www.innerstadenspsykoterapi.se\/#website\",\"url\":\"https:\/\/www.innerstadenspsykoterapi.se\/\",\"name\":\"Innerstadens Psykoterapi\",\"description\":\"En mottagning med bredd och erfarenhet\",\"potentialAction\":[{\"@type\":\"SearchAction\",\"target\":{\"@type\":\"EntryPoint\",\"urlTemplate\":\"https:\/\/www.innerstadenspsykoterapi.se\/?s={search_term_string}\"},\"query-input\":\"required name=search_term_string\"}],\"inLanguage\":\"sv-SE\"}]}<\/script>\n<!-- \/ Yoast SEO plugin. -->","yoast_head_json":{"title":"Hitta hit - Innerstadens Psykoterapi","robots":{"index":"index","follow":"follow","max-snippet":"max-snippet:-1","max-image-preview":"max-image-preview:large","max-video-preview":"max-video-preview:-1"},"canonical":"http:\/\/www.innerstadenspsykoterapi.se\/index.php\/om-oss\/","og_locale":"sv_SE","og_type":"article","og_title":"Hitta hit - Innerstadens Psykoterapi","og_description":"Hitta hit V\u00e5r mottagning ligger i centrala Malm\u00f6, n\u00e4ra buss och t\u00e5g. Vi finns p\u00e5 R\u00f6rsj\u00f6gatan 26A, 2:a v\u00e5ningen i Malm\u00f6. Hiss finns. Parkering hittar du vanligtvis l\u00e4ngs kanalen en kort promenad fr\u00e5n mottagningen.","og_url":"http:\/\/www.innerstadenspsykoterapi.se\/index.php\/om-oss\/","og_site_name":"Innerstadens Psykoterapi","article_modified_time":"2024-09-02T17:27:15+00:00","og_image":[{"url":"http:\/\/www.innerstadenspsykoterapi.se\/wp-content\/uploads\/2024\/09\/vy-edited.jpg"}],"twitter_card":"summary_large_image","twitter_misc":{"Ber\u00e4knad l\u00e4stid":"1 minut"},"schema":{"@context":"https:\/\/schema.org","@graph":[{"@type":"WebPage","@id":"http:\/\/www.innerstadenspsykoterapi.se\/index.php\/om-oss\/","url":"http:\/\/www.innerstadenspsykoterapi.se\/index.php\/om-oss\/","name":"Hitta hit - Innerstadens Psykoterapi","isPartOf":{"@id":"https:\/\/www.innerstadenspsykoterapi.se\/#website"},"primaryImageOfPage":{"@id":"http:\/\/www.innerstadenspsykoterapi.se\/index.php\/om-oss\/#primaryimage"},"image":{"@id":"http:\/\/www.innerstadenspsykoterapi.se\/index.php\/om-oss\/#primaryimage"},"thumbnailUrl":"http:\/\/www.innerstadenspsykoterapi.se\/wp-content\/uploads\/2024\/09\/vy-edited.jpg","datePublished":"2024-06-11T11:29:00+00:00","dateModified":"2024-09-02T17:27:15+00:00","breadcrumb":{"@id":"http:\/\/www.innerstadenspsykoterapi.se\/index.php\/om-oss\/#breadcrumb"},"inLanguage":"sv-SE","potentialAction":[{"@type":"ReadAction","target":["http:\/\/www.innerstadenspsykoterapi.se\/index.php\/om-oss\/"]}]},{"@type":"ImageObject","inLanguage":"sv-SE","@id":"http:\/\/www.innerstadenspsykoterapi.se\/index.php\/om-oss\/#primaryimage","url":"http:\/\/www.innerstadenspsykoterapi.se\/wp-content\/uploads\/2024\/09\/vy-edited.jpg","contentUrl":"http:\/\/www.innerstadenspsykoterapi.se\/wp-content\/uploads\/2024\/09\/vy-edited.jpg","width":1835,"height":1032},{"@type":"BreadcrumbList","@id":"http:\/\/www.innerstadenspsykoterapi.se\/index.php\/om-oss\/#breadcrumb","itemListElement":[{"@type":"ListItem","position":1,"name":"Home","item":"https:\/\/www.innerstadenspsykoterapi.se\/"},{"@type":"ListItem","position":2,"name":"Hitta hit"}]},{"@type":"WebSite","@id":"https:\/\/www.innerstadenspsykoterapi.se\/#website","url":"https:\/\/www.innerstadenspsykoterapi.se\/","name":"Innerstadens Psykoterapi","description":"En mottagning med bredd och erfarenhet","potentialAction":[{"@type":"SearchAction","target":{"@type":"EntryPoint","urlTemplate":"https:\/\/www.innerstadenspsykoterapi.se\/?s={search_term_string}"},"query-input":"required name=search_term_string"}],"inLanguage":"sv-SE"}]}},"_links":{"self":[{"href":"http:\/\/www.innerstadenspsykoterapi.se\/index.php\/wp-json\/wp\/v2\/pages\/188"}],"collection":[{"href":"http:\/\/www.innerstadenspsykoterapi.se\/index.php\/wp-json\/wp\/v2\/pages"}],"about":[{"href":"http:\/\/www.innerstadenspsykoterapi.se\/index.php\/wp-json\/wp\/v2\/types\/page"}],"author":[{"embeddable":true,"href":"http:\/\/www.innerstadenspsykoterapi.se\/index.php\/wp-json\/wp\/v2\/users\/1"}],"replies":[{"embeddable":true,"href":"http:\/\/www.innerstadenspsykoterapi.se\/index.php\/wp-json\/wp\/v2\/comments?post=188"}],"version-history":[{"count":6,"href":"http:\/\/www.innerstadenspsykoterapi.se\/index.php\/wp-json\/wp\/v2\/pages\/188\/revisions"}],"predecessor-version":[{"id":450,"href":"http:\/\/www.innerstadenspsykoterapi.se\/index.php\/wp-json\/wp\/v2\/pages\/188\/revisions\/450"}],"wp:attachment":[{"href":"http:\/\/www.innerstadenspsykoterapi.se\/index.php\/wp-json\/wp\/v2\/media?parent=188"}],"curies":[{"name":"wp","href":"https:\/\/api.w.org\/{rel}","templated":true}]}}

<figure class="wp-block-image alignwide size-full is-style-rounded"><img loading="lazy" decoding="async" width="1835" height="1032" src="http://www.innerstadenspsykoterapi.se/wp-content/uploads/2024/09/vy-edited.jpg" alt="" class="wp-image-444" srcset="http://www.innerstadenspsykoterapi.se/wp-content/uploads/2024/09/vy-edited.jpg 1835w, http://www.innerstadenspsykoterapi.se/wp-content/uploads/2024/09/vy-edited-300x169.jpg 300w, http://www.innerstadenspsykoterapi.se/wp-content/uploads/2024/09/vy-edited-1024x576.jpg 1024w, http://www.innerstadenspsykoterapi.se/wp-content/uploads/2024/09/vy-edited-768x432.jpg 768w, http://www.innerstadenspsykoterapi.se/wp-content/uploads/2024/09/vy-edited-1536x864.jpg 1536w" sizes="(max-width: 1835px) 100vw, 1835px" /></figure>



<div class="wp-block-group alignfull has-global-padding is-layout-constrained wp-block-group-is-layout-constrained" style="padding-top:var(--wp--preset--spacing--50);padding-right:var(--wp--preset--spacing--50);padding-bottom:var(--wp--preset--spacing--50);padding-left:var(--wp--preset--spacing--50)">
<h1 class="wp-block-heading has-text-align-center has-x-large-font-size">Hitta hit</h1>



<div class="wp-block-group has-global-padding is-layout-constrained wp-container-core-group-is-layout-1 wp-block-group-is-layout-constrained">
<div style="height:1.25rem" aria-hidden="true" class="wp-block-spacer"></div>



<p>Vår mottagning ligger i centrala Malmö, nära buss och tåg. </p>



<div style="height:1.25rem" aria-hidden="true" class="wp-block-spacer"></div>



<p>Vi finns på Rörsjögatan 26A, 2:a våningen i Malmö. Hiss finns. <br>Parkering hittar du vanligtvis längs kanalen en kort promenad från mottagningen.</p>
</div>



<div class="wp-block-group has-global-padding is-layout-constrained wp-container-core-group-is-layout-2 wp-block-group-is-layout-constrained">
<div style="height:1.25rem" aria-hidden="true" class="wp-block-spacer"></div>



<div style="height:1.25rem" aria-hidden="true" class="wp-block-spacer"></div>



<iframe src="https://www.google.com/maps/embed?pb=!1m18!1m12!1m3!1d4507.767365680746!2d13.006061812633632!3d55.6040380033269!2m3!1f0!2f0!3f0!3m2!1i1024!2i768!4f13.1!3m3!1m2!1s0x4653a3e2e7c4dd0b%3A0x60e8497ae124e124!2zUsO2cnNqw7ZnYXRhbiAyNkEsIDIxMSAzNyBNYWxtw7Y!5e0!3m2!1sen!2sse!4v1724485876208!5m2!1sen!2sse" width="100%" height="450" style="border:0;" allowfullscreen="" loading="lazy" referrerpolicy="no-referrer-when-downgrade" display="block" text-align="center"></iframe>



<p></p>
</div>
</div>

<p>Hitta hit Vår mottagning ligger i centrala Malmö, nära buss och tåg. Vi finns på Rörsjögatan 26A, 2:a våningen i Malmö. Hiss finns. Parkering hittar du vanligtvis längs kanalen en kort promenad från mottagningen.</p>

<!-- This site is optimized with the Yoast SEO plugin v22.8 - https://yoast.com/wordpress/plugins/seo/ -->
<title>Hitta hit - Innerstadens Psykoterapi</title>
<meta name="robots" content="index, follow, max-snippet:-1, max-image-preview:large, max-video-preview:-1" />
<link rel="canonical" href="http://www.innerstadenspsykoterapi.se/index.php/om-oss/" />
<meta property="og:locale" content="sv_SE" />
<meta property="og:type" content="article" />
<meta property="og:title" content="Hitta hit - Innerstadens Psykoterapi" />
<meta property="og:description" content="Hitta hit Vår mottagning ligger i centrala Malmö, nära buss och tåg. Vi finns på Rörsjögatan 26A, 2:a våningen i Malmö. Hiss finns. Parkering hittar du vanligtvis längs kanalen en kort promenad från mottagningen." />
<meta property="og:url" content="http://www.innerstadenspsykoterapi.se/index.php/om-oss/" />
<meta property="og:site_name" content="Innerstadens Psykoterapi" />
<meta property="article:modified_time" content="2024-09-02T17:27:15+00:00" />
<meta property="og:image" content="http://www.innerstadenspsykoterapi.se/wp-content/uploads/2024/09/vy-edited.jpg" />
<meta name="twitter:card" content="summary_large_image" />
<meta name="twitter:label1" content="Beräknad lästid" />
	<meta name="twitter:data1" content="1 minut" />
<script type="application/ld+json" class="yoast-schema-graph">{"@context":"https://schema.org","@graph":[{"@type":"WebPage","@id":"http://www.innerstadenspsykoterapi.se/index.php/om-oss/","url":"http://www.innerstadenspsykoterapi.se/index.php/om-oss/","name":"Hitta hit - Innerstadens Psykoterapi","isPartOf":{"@id":"https://www.innerstadenspsykoterapi.se/#website"},"primaryImageOfPage":{"@id":"http://www.innerstadenspsykoterapi.se/index.php/om-oss/#primaryimage"},"image":{"@id":"http://www.innerstadenspsykoterapi.se/index.php/om-oss/#primaryimage"},"thumbnailUrl":"http://www.innerstadenspsykoterapi.se/wp-content/uploads/2024/09/vy-edited.jpg","datePublished":"2024-06-11T11:29:00+00:00","dateModified":"2024-09-02T17:27:15+00:00","breadcrumb":{"@id":"http://www.innerstadenspsykoterapi.se/index.php/om-oss/#breadcrumb"},"inLanguage":"sv-SE","potentialAction":[{"@type":"ReadAction","target":["http://www.innerstadenspsykoterapi.se/index.php/om-oss/"]}]},{"@type":"ImageObject","inLanguage":"sv-SE","@id":"http://www.innerstadenspsykoterapi.se/index.php/om-oss/#primaryimage","url":"http://www.innerstadenspsykoterapi.se/wp-content/uploads/2024/09/vy-edited.jpg","contentUrl":"http://www.innerstadenspsykoterapi.se/wp-content/uploads/2024/09/vy-edited.jpg","width":1835,"height":1032},{"@type":"BreadcrumbList","@id":"http://www.innerstadenspsykoterapi.se/index.php/om-oss/#breadcrumb","itemListElement":[{"@type":"ListItem","position":1,"name":"Home","item":"https://www.innerstadenspsykoterapi.se/"},{"@type":"ListItem","position":2,"name":"Hitta hit"}]},{"@type":"WebSite","@id":"https://www.innerstadenspsykoterapi.se/#website","url":"https://www.innerstadenspsykoterapi.se/","name":"Innerstadens Psykoterapi","description":"En mottagning med bredd och erfarenhet","potentialAction":[{"@type":"SearchAction","target":{"@type":"EntryPoint","urlTemplate":"https://www.innerstadenspsykoterapi.se/?s={search_term_string}"},"query-input":"required name=search_term_string"}],"inLanguage":"sv-SE"}]}</script>
<!-- / Yoast SEO plugin. -->

Hitta hit Vår mottagning ligger i centrala Malmö, nära buss och tåg. Vi finns på Rörsjögatan 26A, 2:a våningen i Malmö. Hiss finns. Parkering hittar du vanligtvis längs kanalen en kort promenad från mottagningen.
